pose -r*q - 546 = -1049*q. Calculate the greatest common factor of q and 52.
26
Let k(c) = c**3 - 4*c**2 - c + 7. Let q be k(4). Let z be 1 + (-1 + 5 - q). Let o be 2/4 + 25/z. Calculate the greatest common divisor of o and 39.
13
Let f be 19649/119 + (-2)/17. Suppose 5*l - f - 510 = 0. What is the greatest common factor of 27 and l?
27
Let c = -8680 + 9830. What is the highest common divisor of c and 50?
50
Suppose 2*z - 432 = -2*v, -3*z + 644 = -4*v + 8*v. Suppose -36*c - z = -40*c. What is the highest common divisor of 99 and c?
11
Let h be ((-16)/3)/(-1)*(-66)/(-88). Let u(t) = -6*t - 10. Let o be u(-9). Suppose 4*x - 3*x - o = 0. What is the greatest common factor of x and h?
4
Let y(a) = 2*a**2 - 8*a + 12. Let g be y(5). Let w(t) = 23*t**2 + 18*t - 52. Let h be w(3). Calculate the highest common divisor of h and g.
11
Let c = 19 + -15. Suppose 4*n = -k + 6*k + 40, n - 2*k = 13. Suppose c = -0*v + v - t, -n = -5*t. What is the highest common divisor of 10 and v?
5
Let m(t) = 6*t + 94. Let u(r) = 17*r + 282. Let j(d) = 8*m(d) - 3*u(d). Let i be j(-34). Calculate the greatest common divisor of 352 and i.
8
Suppose -200 = 5*i - 0*i. Let q be (7 - (-352)/i)/((-6)/260). Calculate the greatest common factor of q and 780.
78
Suppose 5*i - 329 = 3*h, -17065*i - 168 = -17067*i + 4*h. Let q(u) = 87*u**2. Let y be q(-1). What is the highest common divisor of y and i?
29
Let h(n) = 157*n**3 - 9*n**2. Let y be h(1). Calculate the greatest common divisor of 4588 and y.
148
Suppose -441 = -h - 20*h. What is the highest common divisor of h and 249?
3
Suppose 3*f + 6 + 43 = 2*g, -2*f - 81 = -3*g. Let l be (-12)/(-20) + g/(-10)*-6. What is the highest common factor of l and 342?
18
Suppose 3*w + 12 = 5*s, 3*s = -3*w + 18 - 6. Let z be (6 - w - 0) + 105. What is the highest common factor of z and 22?
22
Suppose 0 = 3*s + 3*x - 8*x + 808, 5*x + 522 = -2*s. Let f = s - -500. What is the highest common divisor of f and 39?
39
Let d be ((-450)/(-35))/(121/1694). Suppose 19 = 4*m - 61. Calculate the greatest common divisor of d and m.
20
Let g = 17369 + -16893. Calculate the highest common factor of 1547 and g.
119
Let q = -2408 + 4812. Let j be q/7 + 80/140. What is the highest common divisor of j and 43?
43
Let s be (5 + (-486)/45 - -6)*25. What is the highest common factor of 505 and s?
5
Let a = -133 + 345. Let b = a - 211. Calculate the greatest common divisor of 19 and b.
1
Let q(w) = w**3 - 4*w**2 + w + 1. Let u be q(5). Let a(d) = -22*d + 115. Let s be a(1). Calculate the greatest common factor of u and s.
31
Suppose 16*u - 5842 = -33*u + 528. Calculate the highest common factor of 4654 and u.
26
Let f be 1*7 + (-2 - (-42 + -3)). What is the greatest common divisor of 925 and f?
25
Suppose -153 - 71 = 4*l. Let a = l - -61. Suppose a*d - 113 = -m - 0*d, -3*m + 4*d = -415. What is the highest common factor of 7 and m?
7
Suppose -13 = -4*s + 3*b + 14, 3*b - 9 = -2*s. Let z be 8772/(-72) + (-1)/s. Let j = 32 - z. Calculate the highest common divisor of 44 and j.
22
Let n = 931 - -1307. Suppose 972 = 2*d + 4*j, 5*d + 2*j - n = 200. Calculate the highest common factor of 61 and d.
61
Suppose 0 = -o + 6 - 0, 0 = 5*j - 5*o - 410. Calculate the highest common factor of j and 1441.
11
Let g = 151 + -221. Suppose 0*s + 5*s - 420 = 0. Let u = s + g. Calculate the highest common divisor of u and 98.
14
Let o(v) = v**3 + 10*v**2 - 2*v + 459. Let g be o(0). Calculate the highest common factor of 27 and g.
27
Suppose -395*a + 45781 = -13469. Suppose 5*q - u - 203 = q, 0 = q - u - 53. What is the highest common divisor of a and q?
50
Suppose -13*y - y + 196 = 0. Let j(v) = 11*v + 14. Let h be j(-2). Let b(a) = a**2 + 8*a + 6. Let z be b(h). What is the greatest common divisor of z and y?
2
Suppose 8*b - 9576 = -b. Suppose -b = -15*s + s. Let t = -46 + s. Calculate the highest common divisor of t and 30.
30
Suppose -2*a + 7*a - 344 = 2*h, -2*h = a - 76. Calculate the greatest common factor of 4480 and a.
70
Suppose b = -4*b + 465. Let t = -64 + b. Let w be (-3740)/(-18) - (3 + t/(-9)). Calculate the greatest common factor of w and 26.
26
Let l = 1175 + -498. What is the greatest common factor of l and 3?
1
Suppose 5*c - 41*f = -40*f + 15117, -4*c + 12090 = -2*f. What is the greatest common divisor of c and 462?
42
Suppose 3*u + 2 = 119. Let a be 631*(6 + (3 - 8)). Let k = a + -475. What is the greatest common divisor of u and k?
39
Let y be ((-165)/(-2))/(3/(-56)*-7). Let k be (78/(-8))/((-55)/y). What is the highest common divisor of k and 21?
3
Suppose 0 = 5*c - 0*h - 4*h - 740, -4*c = -3*h - 592. Let l be (-1)/(62139/7770 - 8). Calculate the highest common factor of c and l.
74
Let n(i) = -i**3 - 6*i**2 - 8*i - 7. Let v be n(-6). Let j = -636 + 619. Let x = j + v. What is the greatest common factor of x and 48?
24
Let r be (-3)/((-36)/24*1/(-78)). Let p = r - -172. Calculate the highest common factor of p and 4.
4
Suppose -184 = -3*q - q. Suppose 0*v = f - 4*v - 66, -v + q = f. What is the greatest common divisor of 25 and f?
25
Suppose 163 = 16*v - 68 + 7. Suppose -4*d = 59 - 227. Calculate the highest common divisor of d and v.
14
Let d(a) = -a**3 - 5*a**2 - 4*a - 4. Let w be d(-3). Let b be ((-7)/2)/(1/w). Let q = 419 + -349. Calculate the greatest common factor of q and b.
35
Let c = -20873 - -20915. What is the highest common divisor of 3549 and c?
21
Let h(z) = -2*z**2 - 27*z + 3. Let q be h(-11). Let g = q - 48. Suppose 10 = 4*c - g. What is the greatest common divisor of 45 and c?
5
Let g = -1544 - -1786. Calculate the greatest common divisor of g and 30.
2
Suppose -29*i + 151128 = 22*i - 23649. What is the greatest common factor of 276 and i?
23
Let s be (-3)/12*-4 + 1. Let y(v) = 46*v - 26. Let i be y(s). Calculate the highest common factor of 66 and i.
66
Let m(o) be the first derivative of -o**3/3 + 7*o**2/2 - o - 48. Let g be m(6). Calculate the highest common factor of 115 and g.
5
Suppose 5*v + 5 = 6*v. Let w(k) = 12*k + 18. Let s be w(v). Calculate the greatest common divisor of 26 and s.
26
Let q be (-7)/((-21)/(-6)) + 4. Suppose 0 = q*p + 6 - 66. Let a = -5720 - -5810. Calculate the highest common factor of a and p.
30
Suppose 205*r + 30*r - 39314 - 146336 = 0. Calculate the greatest common divisor of 1422 and r.
158
Suppose -4*o + 369 = -3*n + 308, -o - n = -31. What is the greatest common divisor of 143 and o?
11
Let i = -52 + 88. Let w = 17 + i. Suppose 3*o + 17 - w = 0. Calculate the highest common divisor of 48 and o.
12
Let v = -319 + 21. Let l = v + 421. What is the greatest common factor of l and 41?
41
Let f be (-4 + 1)/(3/(-20)). Suppose 2*o - 19 = -t, -3 - f = -o + 4*t. Let q be (-11 + 43 + -26)/((-6)/(-88)). Calculate the highest common factor of o and q.
11
Let t(k) = -k**3 - 30*k**2 - 37*k - 203. Let c be t(-29). Let h(x) = 465*x**2 + 2*x + 1. Let z be h(-1). Calculate the highest common divisor of z and c.
29
Suppose -93 = -5*r + 82. Let c = 205 - 200. Suppose 0 = c*o - 268 + 93. What is the greatest common factor of r and o?
35
Suppose -9*a = -4*a + 3*l - 1250, 5*a - 5*l = 1250. Let o = a - 140. Calculate the greatest common divisor of 275 and o.
55
Suppose -3*r + p = -1140, 9*r - 10*r + 348 = 5*p. What is the highest common divisor of r and 1674?
54
Suppose 289 = 35*j - 166. Suppose 221 = 4*y - 3*u - 2, 3*y = -5*u + 131. What is the highest common divisor of j and y?
13
Let v(b) = 2*b - 3. Let j be v(4). Suppose -f - j*f - 36 = 0. Let c = f - -21. What is the greatest common factor of c and 10?
5
Let m = -297 + 299. Suppose y = -5*z + 10, -m*y + 6*z = 5*z - 20. Calculate the greatest common divisor of y and 410.
10
Let l be -6*((-175)/14)/5. Suppose 1960 = l*s + 5*s. What is the highest common factor of 28 and s?
14
Let m(u) = 22*u - 116. Let v be m(6). What is the greatest common factor of v and 2792?
8
Suppose 5*s - 188 = -2*m, s - 3*s = 2*m - 74. What is the greatest common divisor of s and 475?
19
Let l(x) = 74*x - 6. Let q be l(5). Let m = 83362 - 83258. What is the greatest common factor of q and m?
52
Let i(s) = 4*s**2 - 156*s + 909. Let m be i(6). Calculate the highest common divisor of 143 and m.
13
Suppose 0 = -4*f + 2*m - 2973 + 26371, -4*m = 3*f - 17554. Suppose f = 20*h - 7*h. Suppose -h = 3*k - 12*k. Calculate the h